16911
In base 10, what is 18262984 + -11?
18262973
In base 16, what is -1d - -5746ec?
5746cf
In base 12, what is 1 - -10189636?
10189637
In base 10, what is 10043090 - 7?
10043083
In base 6, what is 3551203 - 4?
3551155
In base 11, what is 6a495453 - 2?
6a495451
In base 12, what is -11 + 3b9202a?
3b92019
In base 7, what is -120311 + 23?
-120255
In base 2, what is 1000110111101111000111101110 + 1?
1000110111101111000111101111
In base 6, what is -40 + -411555025?
-411555105
In base 13, what is -3b54 - -28b0?
-1274
In base 12, what is -35 - -4767a1?
476768
In base 2, what is -1010110011000101000 + -101101?
-1010110011001010101
In base 2, what is 101000111000010111 - 1101110?
101000110110101001
In base 7, what is 2623251 + 341?
2623622
In base 14, what is -c4d9 - 1c32?
-1032b
In base 6, what is 410 - 1301122?
-1300312
In base 16, what is -18ab75a - 7?
-18ab761
In base 16, what is -35c4982 + 2?
-35c4980
In base 3, what is -2100102 + -2102210000?
-2112010102
In base 16, what is 2 - 16247?
-16245
In base 8, what is 134336264 + 65?
134336351
In base 10, what is -1540842244 - 5?
-1540842249
In base 2, what is -11011111110 - -110010010010?
10110010100
In base 10, what is -352661 + 235?
-352426
In base 8, what is -575467421 + 4?
-575467415
In base 14, what is -114b4c3d - 3?
-114b4c42
In base 7, what is -25401 + 54533?
26132
In base 15, what is b84d - 7?
b846
In base 3, what is -1120221000 + -22010?
-1121020010
In base 2, what is -10000100000101010010 + -1001010?
-10000100000110011100
In base 3, what is 2 + 201002202221111100?
201002202221111102
In base 15, what is -b8 + 2a3acb?
2a3a13
In base 6, what is 353245 + -5312?
343533
In base 7, what is 16531 - -13646?
33510
In base 6, what is 155252201 - 3?
155252154
In base 9, what is -728728 - -4?
-728724
In base 8, what is -3303170156 - -1?
-3303170155
In base 12, what is -46835 - -1521?
-45314
In base 16, what is 1 + 12e547?
12e548
In base 12, what is 161 + -b2078?
-b1b17
In base 16, what is 75ec834 + -4?
75ec830
In base 12, what is -5 + -a55521?
-a55526
In base 14, what is ca - 131?
-45
In base 10, what is 33 - 1745948?
-1745915
In base 8, what is -4704 + 2565?
-2117
In base 16, what is 2 + 6b5d22?
6b5d24
In base 3, what is 12220111210221 + 121202?
12220112102200
In base 3, what is 1201 + -1200211122210?
-1200211121002
In base 9, what is 4423151 + -275?
4422765
In base 2, what is -111000100010000111111 + -1?
-111000100010001000000
In base 15, what is 10 - -2b3659b?
2b365ab
In base 6, what is -2535310 - 141?
-2535451
In base 5, what is 2331011301 + -1?
2331011300
In base 2, what is -100000101100010101001110 + -1?
-100000101100010101001111
In base 7, what is -2622262 + -35?
-2622330
In base 11, what is -28651 + 229?
-28423
In base 6, what is 22524500152 - -5?
22524500201
In base 4, what is -22 + 220230031303?
220230031221
In base 6, what is -1412033424 + 5?
-1412033415
In base 2, what is 11 + -1111110000100110011111?
-1111110000100110011100
In base 9, what is 0 + -10361820?
-10361820
In base 3, what is 20000001120202021 - -21?
20000001120202112
In base 13, what is 362a - -1671?
4c9b
In base 16, what is 2 + 7866f4?
7866f6
In base 16, what is 1280 + -12f?
1151
In base 7, what is -5 - 3143550631?
-3143550636
In base 9, what is 13 - 3423075?
-3423062
In base 2, what is -100010011101101011010000110 + -11?
-100010011101101011010001001
In base 6, what is -3121012120 + 1?
-3121012115
In base 8, what is 3 - -66710361?
66710364
In base 13, what is -503647 - ba?
-503734
In base 13, what is -42a4b - -1103?
-41948
In base 11, what is -11 - 14a0538?
-14a0549
In base 13, what is -3 + -16359749?
-1635974c
In base 14, what is 5 - 114b988?
-114b983
In base 11, what is 3 + 2319677a?
23196782
In base 14, what is -60dc1 + -1b3?
-61194
In base 16, what is 77 - -3877ec?
387863
In base 7, what is -5 - 10134442?
-10134450
In base 7, what is -21 - -2440061?
2440040
In base 2, what is -11110101010 - 101100100101?
-1001011001111
In base 14, what is -1251 + 3a43?
27d2
In base 6, what is 35434 + 12?
35450
In base 14, what is -56c719 - 125?
-56c840
In base 16, what is 29072 + 80?
290f2
In base 9, what is -346436 + -107?
-346544
In base 14, what is 3d9933 - 5?
3d992c
In base 2, what is 10010011011011111001 - 100?
10010011011011110101
In base 10, what is 11204 - 189?
11015
In base 4, what is -110123031 - -33031?
-110030000
In base 15, what is 20ee40 - -4?
20ee44
In base 7, what is -6601040603 - 2?
-6601040605
In base 16, what is -4a + 3de79?
3de2f
In base 5, what is 32 + 122013120?
122013202
In base 7, what is -30632 - -11?
-30621
In base 5, what is 10 - -11441040142?
11441040202
In base 15, what is 0 + 1621e4?
1621e4
In base 14, what is 2a791 - -dab?
2b75c
In base 12, what is -a2 - 82943?
-82a25
In base 14, what is 317 - 18c3?
-15aa
In base 9, what is 31151 + -270?
30771
In base 15, what is 13b - -1ad9?
1c25
In base 5, what is -111322424 + 101?
-111322323
In base 6, what is -10020445 - 100?
-10020545
In base 5, what is 332132022 - -211?
332132233
In base 6, what is -5234230010 + 3?
-5234230003
In base 2, what is 1010010000011111110 + -10001?
1010010000011101101
In base 3, what is 201122212022 - -12210?
201200002002
In base 16, what is 1861c5 - -28?
1861ed
In base 3, what is 10222 - 22211120002?
-22211102010
In base 11, what is -35774a + -433?
-358082
In base 11, what is 8a79a9 - a2?
8a7907
In base 6, what is 50151 - 34122?
12025
In base 5, what is -10 + 233113112?
233113102
In base 4, what is -21 - -110232013?
110231332
In base 5, what is 1113444040 + -13?
1113444022
In base 9, what is -53 + -3783208?
-3783262
In base 9, what is 43 + 6314622?
6314665
In base 4, what is 2112111 + 1032300?
3211011
In base 12, what is -2 - 69077aab?
-69077ab1
In base 4, what is 330320210210 + -11?
330320210133
In base 13, what is b57c + -2a41?
883b
In base 10, what is -2659 + 8584?
5925
In base 3, what is 2002011 + 2202111120?
2211120201
In base 4, what is 2 + 1312122321200?
1312122321202
In base 15, what is -1d9750d - 8?
-1d97516
In base 6, what is 40 - 10442104555?
-10442104515
In base 13, what is -47239 + 259?
-46cb0
In base 6, what is -3523 - 1055435?
-1103402
In base 11, what is -4512 - -90797?
87285
In base 2, what is -110000 - -11011000001101100?
11011000000111100
In base 9, what is -87062 + 128?
-86833
In base 12, what is -3058 - -292?
-2986
In base 6, what is -3121 + -10221?
-13342
In base 15, what is 0 + -30b870?
-30b870
In base 16, what is -16ae3c - 6?
-16ae42
In base 8, what is -6116 + 1642?
-4254
In base 12, what is 14 + 689b3?
68a07
In base 12, what is -71a4a - 89?
-71b17
In base 13, what is -8 - -329273?
329268
In base 12, what is -a + -644ba14?
-644ba22
In base 5, what is 201433042014 + -10?
201433042004
In base 12, what is 4 - -68108120?
68108124
In base 3, what is 22 + 1110200000212112?
1110200000212211
In base 14, what is 0 + 178db2?
178db2
In base 10, what is -1362768 + 53?
-1362715
In base 11, what is -161408 + 1a5?
-161213
In base 9, what is -2 - 62021377?
-62021380
In base 12, what is -19424 + -3b9?
-19821
In base 7, what is 4560365 + 114?
4560512
In base 5, what is -141110304 + 11?
-141110243
In base 3, what is 220122 - 1112202212?
-1111212020
In base 9, what is -112382 + -527?
-113020
In base 3, what is 10 - -202012201102011222?
202012201102012002
In base 16, what is -1ad7c6d + -4?
-1ad7c71
In base 3, what is 11122 + -20220101201010?
-20220101112111
In base 2, what is -11000 - -10111010001100?
10111001110100
In base 11, what is 389348 - -13?
389360
In base 3, what is -102112 + 100212212?
100110100
In base 7, what is 1232 + -10454363?
-10453131
In base 5, what is 23 + 2220311210?
2220311233
In base 14, what is -b + 24b7897?
24b788a
In base 8, what is -133 + 1553107?
1552754
In base 13, what is -512a8 - -c75?
-50333
In base 15, what is 9b47a3 + 5b?
9b480e
In base 12, what is -36b6 + 403?
-32b3
In base 3, what is 10022 + -11211212221?
-11211202122
In base 4, what is -10103203313000 + -1?
-10103203313001
In base 2, what is 1100 + -11011100100010101100?
-11011100100010100000
In base 7, what is 3434240 + 131?
3434401
In base 7, what is 3 - 123363011?
-123363005
In base 14, what is -7 + -c64762?
-c64769
In base 7, what is -1141 + -6606?
-11050
In base 9, what is 1 + 1125382?
1125383
In base 5, what is -1021210 + -1012122?
-2033332
In bas